{"id":1005,"date":"2025-08-12T00:00:00","date_gmt":"2025-08-12T00:00:00","guid":{"rendered":"https:\/\/mendezadvogados.com.br\/?page_id=1005"},"modified":"2025-08-12T00:00:00","modified_gmt":"2025-08-12T00:00:00","slug":"politica-de-privacidade-2","status":"publish","type":"page","link":"https:\/\/mendezadvogados.com.br\/?page_id=1005","title":{"rendered":"Pol\u00edtica de Privacidade (LGPD)"},"content":{"rendered":"<h1>Pol\u00edtica de Privacidade<\/h1>\n<p>Este site adota pr\u00e1ticas em conformidade com a Lei Geral de Prote\u00e7\u00e3o de Dados (LGPD). Coletamos apenas os dados necess\u00e1rios para atendimento e n\u00e3o compartilhamos informa\u00e7\u00f5es sem consentimento.<\/p>\n<h2>Dados coletados<\/h2>\n<ul>\n<li>Nome<\/li>\n<li>E-mail<\/li>\n<li>Telefone<\/li>\n<li>Mensagem<\/li>\n<\/ul>\n<h2>Direitos do titular<\/h2>\n<p>Voc\u00ea pode solicitar confirma\u00e7\u00e3o, acesso, corre\u00e7\u00e3o ou exclus\u00e3o dos seus dados.<\/p>\n","protected":false},"excerpt":{"rendered":"<p>Pol\u00edtica de Privacidade Este site adota pr\u00e1ticas em conformidade com a Lei Geral de Prote\u00e7\u00e3o de Dados (LGPD). Coletamos apenas [&hellip;]<\/p>\n","protected":false},"author":2,"featured_media":0,"parent":0,"menu_order":4,"comment_status":"closed","ping_status":"closed","template":"","meta":{"site-sidebar-layout":"default","site-content-layout":"","ast-site-content-layout":"default","site-content-style":"default","site-sidebar-style":"default","ast-global-header-display":"","ast-banner-title-visibility":"","ast-main-header-display":"","ast-hfb-above-header-display":"","ast-hfb-below-header-display":"","ast-hfb-mobile-header-display":"","site-post-title":"","ast-breadcrumbs-content":"","ast-featured-img":"","footer-sml-layout":"","theme-transparent-header-meta":"","adv-header-id-meta":"","stick-header-meta":"","header-above-stick-meta":"","header-main-stick-meta":"","header-below-stick-meta":"","astra-migrate-meta-layouts":"default","ast-page-background-enabled":"default","ast-page-background-meta":{"desktop":{"background-color":"var(--ast-global-color-5)","background-image":"","background-repeat":"repeat","background-position":"center center","background-size":"auto","background-attachment":"scroll","background-type":"","background-media":"","overlay-type":"","overlay-color":"","overlay-opacity":"","overlay-gradient":""},"tablet":{"background-color":"","background-image":"","background-repeat":"repeat","background-position":"center center","background-size":"auto","background-attachment":"scroll","background-type":"","background-media":"","overlay-type":"","overlay-color":"","overlay-opacity":"","overlay-gradient":""},"mobile":{"background-color":"","background-image":"","background-repeat":"repeat","background-position":"center center","background-size":"auto","background-attachment":"scroll","background-type":"","background-media":"","overlay-type":"","overlay-color":"","overlay-opacity":"","overlay-gradient":""}},"ast-content-background-meta":{"desktop":{"background-color":"var(--ast-global-color-4)","background-image":"","background-repeat":"repeat","background-position":"center center","background-size":"auto","background-attachment":"scroll","background-type":"","background-media":"","overlay-type":"","overlay-color":"","overlay-opacity":"","overlay-gradient":""},"tablet":{"background-color":"var(--ast-global-color-4)","background-image":"","background-repeat":"repeat","background-position":"center center","background-size":"auto","background-attachment":"scroll","background-type":"","background-media":"","overlay-type":"","overlay-color":"","overlay-opacity":"","overlay-gradient":""},"mobile":{"background-color":"var(--ast-global-color-4)","background-image":"","background-repeat":"repeat","background-position":"center center","background-size":"auto","background-attachment":"scroll","background-type":"","background-media":"","overlay-type":"","overlay-color":"","overlay-opacity":"","overlay-gradient":""}},"footnotes":""},"class_list":["post-1005","page","type-page","status-publish","hentry"],"yoast_head":"<!-- This site is optimized with the Yoast SEO plugin v25.7 - https:\/\/yoast.com\/wordpress\/plugins\/seo\/ -->\n<title>Pol\u00edtica de Privacidade (LGPD) - Mendezadvogados<\/title>\n<meta name=\"robots\" content=\"index, follow, max-snippet:-1, max-image-preview:large, max-video-preview:-1\" \/>\n<link rel=\"canonical\" href=\"http:\/\/mendezadvogados.com.br\/?page_id=1005\" \/>\n<meta property=\"og:locale\" content=\"en_US\" \/>\n<meta property=\"og:type\" content=\"article\" \/>\n<meta property=\"og:title\" content=\"Pol\u00edtica de Privacidade (LGPD) - Mendezadvogados\" \/>\n<meta property=\"og:description\" content=\"Pol\u00edtica de Privacidade Este site adota pr\u00e1ticas em conformidade com a Lei Geral de Prote\u00e7\u00e3o de Dados (LGPD). Coletamos apenas [&hellip;]\" \/>\n<meta property=\"og:url\" content=\"http:\/\/mendezadvogados.com.br\/?page_id=1005\" \/>\n<meta property=\"og:site_name\" content=\"Mendezadvogados\" \/>\n<meta name=\"twitter:card\" content=\"summary_large_image\" \/>\n<script type=\"application\/ld+json\" class=\"yoast-schema-graph\">{\"@context\":\"https:\/\/schema.org\",\"@graph\":[{\"@type\":\"WebPage\",\"@id\":\"http:\/\/mendezadvogados.com.br\/?page_id=1005\",\"url\":\"http:\/\/mendezadvogados.com.br\/?page_id=1005\",\"name\":\"Pol\u00edtica de Privacidade (LGPD) - Mendezadvogados\",\"isPartOf\":{\"@id\":\"http:\/\/mendezadvogados.com.br\/#website\"},\"datePublished\":\"2025-08-12T00:00:00+00:00\",\"breadcrumb\":{\"@id\":\"http:\/\/mendezadvogados.com.br\/?page_id=1005#breadcrumb\"},\"inLanguage\":\"en-US\",\"potentialAction\":[{\"@type\":\"ReadAction\",\"target\":[\"http:\/\/mendezadvogados.com.br\/?page_id=1005\"]}]},{\"@type\":\"BreadcrumbList\",\"@id\":\"http:\/\/mendezadvogados.com.br\/?page_id=1005#breadcrumb\",\"itemListElement\":[{\"@type\":\"ListItem\",\"position\":1,\"name\":\"In\u00edcio\",\"item\":\"http:\/\/mendezadvogados.com.br\/\"},{\"@type\":\"ListItem\",\"position\":2,\"name\":\"Pol\u00edtica de Privacidade (LGPD)\"}]},{\"@type\":\"WebSite\",\"@id\":\"http:\/\/mendezadvogados.com.br\/#website\",\"url\":\"http:\/\/mendezadvogados.com.br\/\",\"name\":\"Mendezadvogados\",\"description\":\"\",\"potentialAction\":[{\"@type\":\"SearchAction\",\"target\":{\"@type\":\"EntryPoint\",\"urlTemplate\":\"http:\/\/mendezadvogados.com.br\/?s={search_term_string}\"},\"query-input\":{\"@type\":\"PropertyValueSpecification\",\"valueRequired\":true,\"valueName\":\"search_term_string\"}}],\"inLanguage\":\"en-US\"}]}<\/script>\n<!-- \/ Yoast SEO plugin. -->","yoast_head_json":{"title":"Pol\u00edtica de Privacidade (LGPD) - Mendezadvogados","robots":{"index":"index","follow":"follow","max-snippet":"max-snippet:-1","max-image-preview":"max-image-preview:large","max-video-preview":"max-video-preview:-1"},"canonical":"http:\/\/mendezadvogados.com.br\/?page_id=1005","og_locale":"en_US","og_type":"article","og_title":"Pol\u00edtica de Privacidade (LGPD) - Mendezadvogados","og_description":"Pol\u00edtica de Privacidade Este site adota pr\u00e1ticas em conformidade com a Lei Geral de Prote\u00e7\u00e3o de Dados (LGPD). Coletamos apenas [&hellip;]","og_url":"http:\/\/mendezadvogados.com.br\/?page_id=1005","og_site_name":"Mendezadvogados","twitter_card":"summary_large_image","schema":{"@context":"https:\/\/schema.org","@graph":[{"@type":"WebPage","@id":"http:\/\/mendezadvogados.com.br\/?page_id=1005","url":"http:\/\/mendezadvogados.com.br\/?page_id=1005","name":"Pol\u00edtica de Privacidade (LGPD) - Mendezadvogados","isPartOf":{"@id":"http:\/\/mendezadvogados.com.br\/#website"},"datePublished":"2025-08-12T00:00:00+00:00","breadcrumb":{"@id":"http:\/\/mendezadvogados.com.br\/?page_id=1005#breadcrumb"},"inLanguage":"en-US","potentialAction":[{"@type":"ReadAction","target":["http:\/\/mendezadvogados.com.br\/?page_id=1005"]}]},{"@type":"BreadcrumbList","@id":"http:\/\/mendezadvogados.com.br\/?page_id=1005#breadcrumb","itemListElement":[{"@type":"ListItem","position":1,"name":"In\u00edcio","item":"http:\/\/mendezadvogados.com.br\/"},{"@type":"ListItem","position":2,"name":"Pol\u00edtica de Privacidade (LGPD)"}]},{"@type":"WebSite","@id":"http:\/\/mendezadvogados.com.br\/#website","url":"http:\/\/mendezadvogados.com.br\/","name":"Mendezadvogados","description":"","potentialAction":[{"@type":"SearchAction","target":{"@type":"EntryPoint","urlTemplate":"http:\/\/mendezadvogados.com.br\/?s={search_term_string}"},"query-input":{"@type":"PropertyValueSpecification","valueRequired":true,"valueName":"search_term_string"}}],"inLanguage":"en-US"}]}},"_links":{"self":[{"href":"https:\/\/mendezadvogados.com.br\/index.php?rest_route=\/wp\/v2\/pages\/1005","targetHints":{"allow":["GET"]}}],"collection":[{"href":"https:\/\/mendezadvogados.com.br\/index.php?rest_route=\/wp\/v2\/pages"}],"about":[{"href":"https:\/\/mendezadvogados.com.br\/index.php?rest_route=\/wp\/v2\/types\/page"}],"author":[{"embeddable":true,"href":"https:\/\/mendezadvogados.com.br\/index.php?rest_route=\/wp\/v2\/users\/2"}],"replies":[{"embeddable":true,"href":"https:\/\/mendezadvogados.com.br\/index.php?rest_route=%2Fwp%2Fv2%2Fcomments&post=1005"}],"version-history":[{"count":0,"href":"https:\/\/mendezadvogados.com.br\/index.php?rest_route=\/wp\/v2\/pages\/1005\/revisions"}],"wp:attachment":[{"href":"https:\/\/mendezadvogados.com.br\/index.php?rest_route=%2Fwp%2Fv2%2Fmedia&parent=1005"}],"curies":[{"name":"wp","href":"https:\/\/api.w.org\/{rel}","templated":true}]}}